{"id":12,"date":"2023-12-07T15:10:17","date_gmt":"2023-12-07T14:10:17","guid":{"rendered":"http:\/\/new.gunnarsonsskog.se:81\/?page_id=12"},"modified":"2025-05-08T08:53:36","modified_gmt":"2025-05-08T06:53:36","slug":"hem","status":"publish","type":"page","link":"https:\/\/gunnarssonsskog.se\/","title":{"rendered":"Hem"},"content":{"rendered":"\n<div class=\"wp-block-group\"><div class=\"wp-block-group__inner-container is-layout-constrained wp-block-group-is-layout-constrained\">\n<div class=\"wp-block-columns is-layout-flex wp-container-core-columns-is-layout-9d6595d7 wp-block-columns-is-layout-flex\">\n<div class=\"wp-block-column is-layout-flow wp-block-column-is-layout-flow\" style=\"flex-basis:100%\">\n<div class=\"wp-block-group\"><div class=\"wp-block-group__inner-container is-layout-constrained wp-block-group-is-layout-constrained\">\n<div class=\"wp-block-columns are-vertically-aligned-bottom is-layout-flex wp-container-core-columns-is-layout-9d6595d7 wp-block-columns-is-layout-flex\">\n<div class=\"wp-block-column is-vertically-aligned-bottom is-layout-flow wp-block-column-is-layout-flow\">\n<h2 class=\"wp-block-heading has-text-align-center\">Om oss<\/h2>\n\n\n\n<div class=\"wp-block-columns is-layout-flex wp-container-core-columns-is-layout-9d6595d7 wp-block-columns-is-layout-flex\">\n<div class=\"wp-block-column is-layout-flow wp-block-column-is-layout-flow\">\n<p class=\"has-text-align-left\">Gunnarssons Skog &amp; Tr\u00e4dv\u00e5rd AB startade 2016 av de tre nuvarande \u00e4garna som startade f\u00f6retaget under ett och samma namn, d\u00e5 de har samarbetat i m\u00e5nga \u00e5r innan i olika f\u00f6retag.<\/p>\n<\/div>\n\n\n\n<div class=\"wp-block-column is-layout-flow wp-block-column-is-layout-flow\">\n<p class=\"has-text-align-left\">V\u00e5rt huvudsakliga verksamhetsomr\u00e5de \u00e4r s\u00f6dra Halland, v\u00e4stra Sm\u00e5land och nordv\u00e4stra Sk\u00e5ne men vi jobbar \u00e4ven utanf\u00f6r detta geografiska omr\u00e5de, kontakta oss f\u00f6r att veta mer.<\/p>\n<\/div>\n<\/div>\n<\/div>\n<\/div>\n<\/div><\/div>\n<\/div>\n<\/div>\n<\/div><\/div>\n\n\n\n<h2 class=\"wp-block-heading has-text-color has-background has-link-color wp-elements-a5831dcaac986e4ee03f0fac630baf06\" style=\"color:#ffb55b;background-color:#222b00\">Du Kan F\u00e5 RUT-Avdrag P\u00e5 V\u00e5ra Tj\u00e4nster<\/h2>\n\n\n\n<div class=\"wp-block-columns is-layout-flex wp-container-core-columns-is-layout-9d6595d7 wp-block-columns-is-layout-flex\">\n<div class=\"wp-block-column is-layout-flow wp-block-column-is-layout-flow\">\n<div class=\"wp-block-cover wp-duotone-unset-1\"><img loading=\"lazy\" decoding=\"async\" width=\"768\" height=\"1024\" class=\"wp-block-cover__image-background wp-image-356 size-large\" alt=\"\" src=\"https:\/\/gunnarssonsskog.se\/wp-content\/uploads\/2025\/05\/IMG_5110-768x1024.jpg\" data-object-fit=\"cover\" srcset=\"https:\/\/gunnarssonsskog.se\/wp-content\/uploads\/2025\/05\/IMG_5110-768x1024.jpg 768w, https:\/\/gunnarssonsskog.se\/wp-content\/uploads\/2025\/05\/IMG_5110-225x300.jpg 225w, https:\/\/gunnarssonsskog.se\/wp-content\/uploads\/2025\/05\/IMG_5110-1152x1536.jpg 1152w, https:\/\/gunnarssonsskog.se\/wp-content\/uploads\/2025\/05\/IMG_5110-1536x2048.jpg 1536w, https:\/\/gunnarssonsskog.se\/wp-content\/uploads\/2025\/05\/IMG_5110-666x888.jpg 666w, https:\/\/gunnarssonsskog.se\/wp-content\/uploads\/2025\/05\/IMG_5110-scaled.jpg 1920w\" sizes=\"auto, (max-width: 768px) 100vw, 768px\" \/><span aria-hidden=\"true\" class=\"wp-block-cover__background has-background-dim\" style=\"background-color:#666d63\"><\/span><div class=\"wp-block-cover__inner-container is-layout-constrained wp-block-cover-is-layout-constrained\">\n<p class=\"has-text-align-center has-white-color has-text-color has-link-color has-large-font-size wp-elements-5157b99b612b66aed72bd058cf36264f\"><a href=\"?page_id=27\">Tr\u00e4dv\u00e5rd<\/a><\/p>\n<\/div><\/div>\n<\/div>\n\n\n\n<div class=\"wp-block-column is-layout-flow wp-block-column-is-layout-flow\">\n<div class=\"wp-block-cover wp-duotone-unset-2\"><img loading=\"lazy\" decoding=\"async\" width=\"1024\" height=\"684\" class=\"wp-block-cover__image-background wp-image-353 size-large\" alt=\"\" src=\"https:\/\/gunnarssonsskog.se\/wp-content\/uploads\/2025\/05\/IMG_2827-1024x684.jpg\" data-object-fit=\"cover\" srcset=\"https:\/\/gunnarssonsskog.se\/wp-content\/uploads\/2025\/05\/IMG_2827-1024x684.jpg 1024w, https:\/\/gunnarssonsskog.se\/wp-content\/uploads\/2025\/05\/IMG_2827-300x200.jpg 300w, https:\/\/gunnarssonsskog.se\/wp-content\/uploads\/2025\/05\/IMG_2827-768x513.jpg 768w, https:\/\/gunnarssonsskog.se\/wp-content\/uploads\/2025\/05\/IMG_2827-1536x1026.jpg 1536w, https:\/\/gunnarssonsskog.se\/wp-content\/uploads\/2025\/05\/IMG_2827-666x444.jpg 666w, https:\/\/gunnarssonsskog.se\/wp-content\/uploads\/2025\/05\/IMG_2827.jpg 1920w\" sizes=\"auto, (max-width: 1024px) 100vw, 1024px\" \/><span aria-hidden=\"true\" class=\"wp-block-cover__background has-background-dim\" style=\"background-color:#7a7250\"><\/span><div class=\"wp-block-cover__inner-container is-layout-constrained wp-block-cover-is-layout-constrained\">\n<p class=\"has-text-align-center has-white-color has-text-color has-link-color has-large-font-size wp-elements-38fc4b84649a646e68490209920e4beb\"><a href=\"?page_id=77\">Skogsv\u00e5rd<\/a><\/p>\n<\/div><\/div>\n<\/div>\n\n\n\n<div class=\"wp-block-column is-layout-flow wp-block-column-is-layout-flow\">\n<div class=\"wp-block-cover is-light\"><img loading=\"lazy\" decoding=\"async\" width=\"1024\" height=\"768\" class=\"wp-block-cover__image-background wp-image-355 size-large\" alt=\"\" src=\"https:\/\/gunnarssonsskog.se\/wp-content\/uploads\/2025\/05\/IMG_5363-1024x768.jpg\" data-object-fit=\"cover\" srcset=\"https:\/\/gunnarssonsskog.se\/wp-content\/uploads\/2025\/05\/IMG_5363-1024x768.jpg 1024w, https:\/\/gunnarssonsskog.se\/wp-content\/uploads\/2025\/05\/IMG_5363-300x225.jpg 300w, https:\/\/gunnarssonsskog.se\/wp-content\/uploads\/2025\/05\/IMG_5363-768x576.jpg 768w, https:\/\/gunnarssonsskog.se\/wp-content\/uploads\/2025\/05\/IMG_5363-1536x1152.jpg 1536w, https:\/\/gunnarssonsskog.se\/wp-content\/uploads\/2025\/05\/IMG_5363-2048x1536.jpg 2048w, https:\/\/gunnarssonsskog.se\/wp-content\/uploads\/2025\/05\/IMG_5363-730x547.jpg 730w\" sizes=\"auto, (max-width: 1024px) 100vw, 1024px\" \/><span aria-hidden=\"true\" class=\"wp-block-cover__background has-white-background-color has-background-dim\"><\/span><div class=\"wp-block-cover__inner-container is-layout-constrained wp-block-cover-is-layout-constrained\">\n<p class=\"has-text-align-center has-white-color has-text-color has-link-color has-large-font-size wp-elements-422ffa58a8ef0aaa7a316a4e92ffd4b9\"><a href=\"?page_id=85\">Bortforsling<\/a><\/p>\n<\/div><\/div>\n<\/div>\n<\/div>\n\n\n\n<div class=\"wp-block-columns is-layout-flex wp-container-core-columns-is-layout-9d6595d7 wp-block-columns-is-layout-flex\">\n<div class=\"wp-block-column is-layout-flow wp-block-column-is-layout-flow\">\n<h2 class=\"wp-block-heading has-text-align-center has-text-color has-background has-link-color wp-elements-3b0ce4bc967d91062634a1ec2fc22da1\" style=\"color:#acc46a;background-color:#222b00\">.<\/h2>\n\n\n\n<div class=\"wp-block-columns is-layout-flex wp-container-core-columns-is-layout-9d6595d7 wp-block-columns-is-layout-flex\">\n<div class=\"wp-block-column is-layout-flow wp-block-column-is-layout-flow\">\n<figure class=\"wp-block-image size-large\"><img loading=\"lazy\" decoding=\"async\" width=\"768\" height=\"1024\" src=\"https:\/\/gunnarssonsskog.se\/wp-content\/uploads\/2023\/12\/IMG_5560-768x1024.jpg\" alt=\"\" class=\"wp-image-20\" srcset=\"https:\/\/gunnarssonsskog.se\/wp-content\/uploads\/2023\/12\/IMG_5560-768x1024.jpg 768w, https:\/\/gunnarssonsskog.se\/wp-content\/uploads\/2023\/12\/IMG_5560-225x300.jpg 225w, https:\/\/gunnarssonsskog.se\/wp-content\/uploads\/2023\/12\/IMG_5560-1152x1536.jpg 1152w, https:\/\/gunnarssonsskog.se\/wp-content\/uploads\/2023\/12\/IMG_5560-1536x2048.jpg 1536w, https:\/\/gunnarssonsskog.se\/wp-content\/uploads\/2023\/12\/IMG_5560-666x888.jpg 666w, https:\/\/gunnarssonsskog.se\/wp-content\/uploads\/2023\/12\/IMG_5560-scaled.jpg 1920w\" sizes=\"auto, (max-width: 768px) 100vw, 768px\" \/><\/figure>\n<\/div>\n\n\n\n<div class=\"wp-block-column is-layout-flow wp-block-column-is-layout-flow\">\n<figure class=\"wp-block-image size-full\"><img decoding=\"async\" src=\"https:\/\/gunnarssonsskog.se\/wp-content\/uploads\/2025\/05\/IMG_3366.heic\" alt=\"\" class=\"wp-image-350\"\/><\/figure>\n<\/div>\n<\/div>\n\n\n\n<figure class=\"wp-block-image size-large\"><img loading=\"lazy\" decoding=\"async\" width=\"1024\" height=\"684\" src=\"https:\/\/gunnarssonsskog.se\/wp-content\/uploads\/2023\/12\/IMG_5354-1-1024x684.jpeg\" alt=\"\" class=\"wp-image-19\" srcset=\"https:\/\/gunnarssonsskog.se\/wp-content\/uploads\/2023\/12\/IMG_5354-1-1024x684.jpeg 1024w, https:\/\/gunnarssonsskog.se\/wp-content\/uploads\/2023\/12\/IMG_5354-1-300x200.jpeg 300w, https:\/\/gunnarssonsskog.se\/wp-content\/uploads\/2023\/12\/IMG_5354-1-768x513.jpeg 768w, https:\/\/gunnarssonsskog.se\/wp-content\/uploads\/2023\/12\/IMG_5354-1-1536x1026.jpeg 1536w, https:\/\/gunnarssonsskog.se\/wp-content\/uploads\/2023\/12\/IMG_5354-1-2048x1367.jpeg 2048w, https:\/\/gunnarssonsskog.se\/wp-content\/uploads\/2023\/12\/IMG_5354-1-666x444.jpeg 666w\" sizes=\"auto, (max-width: 1024px) 100vw, 1024px\" \/><figcaption class=\"wp-element-caption\">Kransl\u00e4p<\/figcaption><\/figure>\n<\/div>\n<\/div>\n","protected":false},"excerpt":{"rendered":"<p>Om oss Gunnarssons Skog &amp; Tr\u00e4dv\u00e5rd AB startade 2016 av de tre nuvarande \u00e4garna som startade f\u00f6retaget under ett och &hellip; <a href=\"https:\/\/gunnarssonsskog.se\/\" class=\"more-link\"><span class=\"more-button\">L\u00e4s mer<span class=\"screen-reader-text\">Hem<\/span><\/span><\/a><\/p>\n","protected":false},"author":1,"featured_media":0,"parent":0,"menu_order":0,"comment_status":"closed","ping_status":"closed","template":"templates\/full-width-page.php","meta":{"footnotes":""},"class_list":["post-12","page","type-page","status-publish","hentry"],"_links":{"self":[{"href":"https:\/\/gunnarssonsskog.se\/index.php?rest_route=\/wp\/v2\/pages\/12","targetHints":{"allow":["GET"]}}],"collection":[{"href":"https:\/\/gunnarssonsskog.se\/index.php?rest_route=\/wp\/v2\/pages"}],"about":[{"href":"https:\/\/gunnarssonsskog.se\/index.php?rest_route=\/wp\/v2\/types\/page"}],"author":[{"embeddable":true,"href":"https:\/\/gunnarssonsskog.se\/index.php?rest_route=\/wp\/v2\/users\/1"}],"replies":[{"embeddable":true,"href":"https:\/\/gunnarssonsskog.se\/index.php?rest_route=%2Fwp%2Fv2%2Fcomments&post=12"}],"version-history":[{"count":4,"href":"https:\/\/gunnarssonsskog.se\/index.php?rest_route=\/wp\/v2\/pages\/12\/revisions"}],"predecessor-version":[{"id":357,"href":"https:\/\/gunnarssonsskog.se\/index.php?rest_route=\/wp\/v2\/pages\/12\/revisions\/357"}],"wp:attachment":[{"href":"https:\/\/gunnarssonsskog.se\/index.php?rest_route=%2Fwp%2Fv2%2Fmedia&parent=12"}],"curies":[{"name":"wp","href":"https:\/\/api.w.org\/{rel}","templated":true}]}}